{"id":3072,"date":"2024-02-26T11:49:38","date_gmt":"2024-02-26T10:49:38","guid":{"rendered":"https:\/\/ambankara.esteri.it\/?page_id=3072"},"modified":"2024-07-15T08:59:30","modified_gmt":"2024-07-15T06:59:30","slug":"noleggio-affitto-locali","status":"publish","type":"page","link":"https:\/\/ambankara.esteri.it\/it\/chi-siamo\/la-sede\/noleggio-affitto-locali\/","title":{"rendered":"Noleggio \/ Affitto locali"},"content":{"rendered":"<p>&nbsp;<\/p>\n<p style=\"text-align: justify;\"><img loading=\"lazy\" decoding=\"async\" class=\"aligncenter size-large wp-image-3569 img-fluid\" src=\"https:\/\/ambankara.esteri.it\/wp-content\/uploads\/2024\/03\/1-1-1024x681.png\" alt=\"\" width=\"640\" height=\"426\" srcset=\"https:\/\/ambankara.esteri.it\/wp-content\/uploads\/2024\/03\/1-1-1024x681.png 1024w, https:\/\/ambankara.esteri.it\/wp-content\/uploads\/2024\/03\/1-1-300x199.png 300w, https:\/\/ambankara.esteri.it\/wp-content\/uploads\/2024\/03\/1-1-768x510.png 768w, https:\/\/ambankara.esteri.it\/wp-content\/uploads\/2024\/03\/1-1.png 1920w\" sizes=\"auto, (max-width: 640px) 100vw, 640px\" \/><\/p>\n<p style=\"text-align: justify;\">L\u2019Ambasciata d\u2019Italia in Turchia rende disponibile, ai fini di un uso temporaneo, i locali e gli spazi di &#8220;Palazzo di Venezia&#8221; in Istanbul e della Residenza dell\u2019Ambasciatore in Ankara, per quelle imprese italiane o straniere che intendano svolgervi attivit\u00e0 di promozione commerciale, congressuali, espositive, culturali, sociali, scientifiche e attivit\u00e0 di riprese televisive e cinematografiche o servizi fotografici con finalit\u00e0 di natura commerciale. Le attivit\u00e0 proposte, che saranno sottoposte a specifica valutazione da parte dell\u2019Ambasciata, non potranno in ogni caso essere contrarie alla normativa vigente, all&#8217;ordine pubblico ed al buon costume, n\u00e9 essere suscettibili di arrecare pregiudizio al nome ed all&#8217;immagine dell&#8217;Italia, della Turchia e delle rispettive istituzioni.<\/p>\n<p style=\"text-align: justify;\">Le organizzazioni interessate possono contattare l\u2019Ambasciata d\u2019Italia\u00a0ad Ankara scrivendo una mail all\u2019indirizzo ambasciata.ankara@esteri.it oppure chiamando il seguente numero: +90 (312) 457 42 00.<\/p>\n<p>&nbsp;<\/p>\n","protected":false},"excerpt":{"rendered":"&nbsp; L\u2019Ambasciata d\u2019Italia in Turchia rende disponibile, ai fini di un uso temporaneo, i locali e gli spazi di &#8220;Palazzo di Venezia&#8221; in Istanbul e della Residenza dell\u2019Ambasciatore in Ankara, per quelle imprese italiane o straniere che intendano svolgervi attivit\u00e0 di promozione commerciale, congressuali, espositive, culturali, sociali, scientifiche e attivit\u00e0 di riprese televisive e cinematografiche [&hellip;]","protected":false},"author":9,"featured_media":0,"parent":68,"menu_order":0,"comment_status":"closed","ping_status":"closed","template":"","meta":{"footnotes":""},"class_list":["post-3072","page","type-page","status-publish","hentry"],"_links":{"self":[{"href":"https:\/\/ambankara.esteri.it\/it\/wp-json\/wp\/v2\/pages\/3072","targetHints":{"allow":["GET"]}}],"collection":[{"href":"https:\/\/ambankara.esteri.it\/it\/wp-json\/wp\/v2\/pages"}],"about":[{"href":"https:\/\/ambankara.esteri.it\/it\/wp-json\/wp\/v2\/types\/page"}],"author":[{"embeddable":true,"href":"https:\/\/ambankara.esteri.it\/it\/wp-json\/wp\/v2\/users\/9"}],"replies":[{"embeddable":true,"href":"https:\/\/ambankara.esteri.it\/it\/wp-json\/wp\/v2\/comments?post=3072"}],"version-history":[{"count":5,"href":"https:\/\/ambankara.esteri.it\/it\/wp-json\/wp\/v2\/pages\/3072\/revisions"}],"predecessor-version":[{"id":4363,"href":"https:\/\/ambankara.esteri.it\/it\/wp-json\/wp\/v2\/pages\/3072\/revisions\/4363"}],"up":[{"embeddable":true,"href":"https:\/\/ambankara.esteri.it\/it\/wp-json\/wp\/v2\/pages\/68"}],"wp:attachment":[{"href":"https:\/\/ambankara.esteri.it\/it\/wp-json\/wp\/v2\/media?parent=3072"}],"curies":[{"name":"wp","href":"https:\/\/api.w.org\/{rel}","templated":true}]}}

<p>&nbsp;</p>
<p style="text-align: justify;"><img loading="lazy" decoding="async" class="aligncenter size-large wp-image-3569 img-fluid" src="https://ambankara.esteri.it/wp-content/uploads/2024/03/1-1-1024x681.png" alt="" width="640" height="426" srcset="https://ambankara.esteri.it/wp-content/uploads/2024/03/1-1-1024x681.png 1024w, https://ambankara.esteri.it/wp-content/uploads/2024/03/1-1-300x199.png 300w, https://ambankara.esteri.it/wp-content/uploads/2024/03/1-1-768x510.png 768w, https://ambankara.esteri.it/wp-content/uploads/2024/03/1-1.png 1920w" sizes="auto, (max-width: 640px) 100vw, 640px" /></p>
<p style="text-align: justify;">L’Ambasciata d’Italia in Turchia rende disponibile, ai fini di un uso temporaneo, i locali e gli spazi di &#8220;Palazzo di Venezia&#8221; in Istanbul e della Residenza dell’Ambasciatore in Ankara, per quelle imprese italiane o straniere che intendano svolgervi attività di promozione commerciale, congressuali, espositive, culturali, sociali, scientifiche e attività di riprese televisive e cinematografiche o servizi fotografici con finalità di natura commerciale. Le attività proposte, che saranno sottoposte a specifica valutazione da parte dell’Ambasciata, non potranno in ogni caso essere contrarie alla normativa vigente, all&#8217;ordine pubblico ed al buon costume, né essere suscettibili di arrecare pregiudizio al nome ed all&#8217;immagine dell&#8217;Italia, della Turchia e delle rispettive istituzioni.</p>
<p style="text-align: justify;">Le organizzazioni interessate possono contattare l’Ambasciata d’Italia ad Ankara scrivendo una mail all’indirizzo ambasciata.ankara@esteri.it oppure chiamando il seguente numero: +90 (312) 457 42 00.</p>
<p>&nbsp;</p>

&nbsp; L’Ambasciata d’Italia in Turchia rende disponibile, ai fini di un uso temporaneo, i locali e gli spazi di &#8220;Palazzo di Venezia&#8221; in Istanbul e della Residenza dell’Ambasciatore in Ankara, per quelle imprese italiane o straniere che intendano svolgervi attività di promozione commerciale, congressuali, espositive, culturali, sociali, scientifiche e attività di riprese televisive e cinematografiche [&hellip;]
